**4/4 + 4*o**3/3 - 5*o**2/2 - 6*o - 3. Let c be r(-4). What is the units digit of (-104)/(-28) + 4/c?
4
Let b be 1 + 2*(0 - -1). Let c = 21 - 18. Suppose b*t = -i + 16, -12 = -c*t - t + i. What is the units digit of t?
4
Let k(f) be the third derivative of 11*f**5/60 - f**4/24 + f**3/6 + 4*f**2. What is the units digit of k(1)?
1
Let v(b) be the second derivative of -b**5/20 - b**4/2 - 7*b**3/6 + b**2/2 - b. Let z be v(-5). Suppose q - z = -4. What is the units digit of q?
7
Let m = 2 - 83. Let t = m - -121. What is the units digit of t?
0
Let i(q) = 6*q + 45*q**2 - 46*q**2 + 5 + 1. Suppose -4*s + 18 = -s. What is the units digit of i(s)?
6
Let t be (1/4)/(1/8). Let q = t - -27. What is the tens digit of q?
2
Let y = -13 + 30. What is the tens digit of y?
1
Let k(t) = 2*t**3 - 3*t**2 + 4*t - 3. Let f be k(2). What is the units digit of ((-78)/f)/(4/(-6))?
3
Suppose z + 15 = 6*z. What is the units digit of z?
3
Suppose 4*q + 42 = 7*q. What is the tens digit of q?
1
Let z(f) = 2*f + 2. Suppose 0 = m + 2*y - 4, 4*m = 2*m + 5*y - 10. Let r(c) = c + 4. Let i be r(m). What is the units digit of z(i)?
0
Let i(p) = p**3 - 6*p**2 + 3*p + 7. What is the units digit of i(6)?
5
Let t = -6 + 2. Let s(i) = -2*i. What is the units digit of s(t)?
8
What is the units digit of (-7 + 8)*23*1?
3
Suppose -5*z = -4*n - 32, 0*z - 17 = -2*z + 3*n. What is the units digit of 28/6 - z/(-12)?
5
Suppose -114 = -2*n + 36. What is the tens digit of n?
7
Suppose -a + 112 = -57. What is the units digit of a?
9
Let o(m) = m**3 + 8*m**2 - 2*m - 1. What is the units digit of o(-8)?
5
Let o = 38 + -22. What is the tens digit of o?
1
Let q(m) = -m**3 - 2*m**2 + 3*m - 2. What is the units digit of q(-4)?
8
Let z(t) = t**2 - t + 3. Let a be z(4). Suppose 5*g - 4*x + 20 = 0, -2*g + 3*x - a = -4*g. Suppose 5*i + 25 = g, q + i = 5*q - 77. What is the units digit of q?
8
Suppose 2*n = 3*n - 5. Suppose n*i - 60 = 5*o, -5*i - 14 = 4*o - 47. What is the units digit of i?
9
Suppose 5*l - 4*l = 2. Suppose 4*i + l*x = 4, -4*i = 2*x - x - 6. Suppose 4*b = -3*t + 17, i*t = -0*t - 2. What is the units digit of b?
5
Let p(b) = -b**2 + b - 1. Let z be p(-2). Let n = 14 + z. Suppose 1 + n = 2*s. What is the units digit of s?
4
Suppose 5*d + 3*i - 330 = 0, -5*d + 325 = i + 3*i. What is the tens digit of d?
6
Suppose -3 = -3*p - 0. Let u(q) = 6*q**2 - 2*q + 1. Let b be u(p). Suppose b*m = -4*f + 42, -4*f + 38 = f - m. What is the units digit of f?
8
Suppose -5*g + 677 = 2*m, -3*g + 2*m - m = -404. Suppose 3*t = -2*t + g. Suppose -2*a - t = -6*a - 5*c, 21 = 4*a + 3*c. What is the units digit of a?
3
Suppose 12 = -4*u, -5*j - 50 + 6 = 3*u. Let w(o) = -o**2 - 3*o + 9. Let m(b) = -b**2 - 3*b + 9. Let g(p) = 2*m(p) - 3*w(p). What is the units digit of g(j)?
9
Suppose 6*f - 3*f = 0. Suppose 5*g - 3*g = j - 20, f = -j + 3*g + 24. What is the tens digit of j?
1
Suppose 6 = -5*t + 4*w - w, 3*w = -2*t + 6. Suppose -5*g + 76 - 31 = t. What is the units digit of 2/(0 + 3/g)?
6
Suppose 3*t = -0*t + 15. Let o = 65 + -61. Suppose -3 = -o*v + t. What is the units digit of v?
2
Suppose -83 = 3*o - 14. Let i = o - -52. Suppose 3*f = -5*z + 32 + i, -4*f - 3*z + 63 = 0. What is the units digit of f?
2
Let i(u) = 18*u. What is the tens digit of i(3)?
5
Let d = 88 - 46. Let h = d + -17. What is the units digit of h?
5
Suppose 9 = 5*q - 1. Suppose -7 + 1 = q*j. What is the units digit of 3 - (j - -2*1)?
4
Let f be ((-5)/((-5)/(-12)))/(-1). Suppose 0*w + 9 = 3*w. Suppose m = w*g + 21, -4*m + 2*g - f = -86. What is the units digit of m?
8
Suppose 150 = 3*x - 3*b, 151 = 3*x - 0*b - 4*b. What is the tens digit of x?
4
Suppose 0 = -2*x - 3*x + 2*m + 28, 2*m - 2 = 0. What is the units digit of x?
6
Let w = 58 + -34. What is the units digit of w?
4
Suppose i - 3*v - 87 = 0, -284 = i - 5*i - 4*v. What is the tens digit of i?
7
Let s(o) = o**2 - 8*o - 35. What is the tens digit of s(-10)?
4
Suppose 5*u + 5*v - 50 = -0*v, 0 = 3*u - 5*v - 62. What is the tens digit of (-968)/(-56) + (-4)/u?
1
Suppose -4*l + 12 = -4*j - 16, l + 20 = -2*j. Suppose -5*m - 5 = 130. What is the tens digit of (-106)/j - 6/m?
1
Suppose 30 = -4*b + 142. What is the tens digit of b?
2
Suppose -2*k + 4 - 2 = 0, 0 = s - 4*k + 1. Suppose h = 5*i - 46, 3*h - 3 = s*i - 21. What is the units digit of i?
0
Let s(p) = p**3 - 10*p**2 + 9*p + 9. Let r(q) = 4*q + 3. Let d be r(-4). Let y = -4 - d. What is the units digit of s(y)?
9
Suppose -3 = -2*d + 17. What is the tens digit of d + -1 + 3 + 1?
1
Let s(f) be the first derivative of -4*f - 3*f**2 - 1/4*f**4 + 4 + 7/3*f**3. What is the units digit of s(5)?
6
Let t(s) = 2*s**2 + 25*s + 3. Let c(m) = m**2 + 12*m + 1. Let h(w) = -5*c(w) + 2*t(w). What is the units digit of h(-10)?
1
Suppose -3*y - 2*y - 62 = 4*h, -5*h = 3*y + 45. What is the units digit of 18/45 + (-6)/y?
1
Let q(k) = 10*k + 43. What is the hundreds digit of q(8)?
1
Suppose 2*j - 3*j = 0. What is the units digit of (2/(j - 2))/(-1)?
1
Let d = -6 + 0. Let z be d*(1 - 4/3). What is the units digit of -2 + 0 + 1 + z?
1
Let p = -5 - -6. Let s(d) = 4*d**2 - d + 1. Let l be s(p). What is the units digit of 3 - 2/(-4)*l?
5
Suppose -2*f + 2 = -4. Suppose -2*h = f*h - 120. What is the tens digit of h?
2
Let n(v) = 21*v - 3. What is the tens digit of n(4)?
8
What is the tens digit of -8*(0 - 3) - 3?
2
Suppose -4 = -m - 2. Suppose -5*t - 7 = -4*n, 2 = n + 2*t - 3*t. Suppose k + 5*g - 14 = m*k, 5*g - 38 = -n*k. What is the units digit of k?
6
Suppose -h - 384 = -9*h. What is the tens digit of h?
4
Suppose -3*b + 0*b + 3*y = -63, 10 = 2*y. Suppose -4*c + b = -26. What is the units digit of c?
3
Suppose 3*g + 2*m = -0 + 3, -5*g + 18 = -m. Suppose -4 = g*w + 2*f, -5*w + 4*f + 28 = -w. Let l = w + 1. What is the units digit of l?
3
Suppose -344 = 12*b - 16*b. What is the tens digit of b?
8
Let f be (8/2)/(1 - 0). Let g = f + -2. Suppose -5*i + 24 = -3*a + 6*a, -g*a + 9 = i. What is the units digit of a?
3
Let v(g) be the third derivative of 1/60*g**5 + 1/6*g**3 + 1/8*g**4 + g**2 + 0*g - 1/120*g**6 + 0. What is the units digit of v(-2)?
7
Suppose -15*i = -10*i - 335. What is the tens digit of i?
6
Let y = -1 + -1. Let p be 84/15 - (-6)/15. What is the units digit of y/(3/p*-2)?
2
Suppose 5*n + 15 = 0, a - 2*n - 10 = -0*a. Suppose 2*x - 13 = -b - 2*b, -x = 4*b - 24. Suppose -a*q + b + 25 = 0. What is the units digit of q?
8
Suppose 0 = 4*u - 3*u. Suppose u = -l + 36. What is the tens digit of l?
3
Suppose -4*g + 3*y - 6*y = -17, 3*y - 7 = g. What is the units digit of (-3)/(-9)*(7 + g)?
3
Suppose 5*m + 3*u = -45, 3*m - 8 + 1 = 5*u. What is the units digit of m/4 + 5/2?
1
Let b = -7 + 13. Let l = b - -3. What is the units digit of l?
9
Let m be (-406)/(-4) - (-10)/(-20). Let k = 145 - m. What is the units digit of k?
4
Let n be (-3)/(-6)*(-16)/2. Let y = -1 - n. Suppose -y*d + 7*d - 24 = 0. What is the units digit of d?
6
Let v be (-99)/(-21) - 4/(-14). Let w = v - 4. What is the units digit of w?
1
Let j(y) = -195*y + 2. What is the hundreds digit of j(-2)?
3
Let p be (-1 - -17)*9/3. Suppose l - 5*l + p = 0. What is the units digit of l?
2
Suppose -132 = -2*u + g + g, -4*u - 2*g + 258 = 0. What is the units digit of u?
5
Let p = 21 - 4. What is the units digit of p?
7
Suppose 2*c - 12 = -0*c. Suppose 0 = 2*l - c*l. Suppose k + l*k = 3*p + 19, 2*k - 5*p - 37 = 0. What is the tens digit of k?
1
Let i(m) = m**2 + 5*m + 26. What is the tens digit of i(-12)?
1
Let p be ((-1)/(-2))/((-4)/(-112)). Suppose 0 = -2*n - 4, 7*x = 3*x + 3*n + p. Let k(t) = 4*t + 2. What is the units digit of k(x)?
0
Suppose 0 = -0*a - 2*a - 16. Let w be 4/(-2)*(a - 3). Let i = -15 + w. What is the units digit of i?
7
Suppose -16 = w + 4. Let h = 34 + w. What is the tens digit of h?
1
Let s = 27 + 0. Let c = -41 + s. What is the tens digit of -14*(-1)/(c/(-12))?
1
Let h = 16 - 17. What is the units digit of -2 + (-5)/h*6?
8
Suppose -2*l = -4*o - 542, -1380 = -5*l - 8*o + 13*o. What is the hundreds digit of l?
2
Let u be 88/(-6) + 30/45. Let h(n) = -n**3 - 14*n**2 + 16. What is the tens digit of h(u)?
1
Let z = -8 + 10. Suppose 3*f - 14 = -0*a - a, 5*a = 5*f + 10. Suppose z*v + 4*w + 10 = 0, a*w = -2*v - 2*v - 5. What is the units digit of v?
5
Let i(l) = -l + 13. Let f be i(11). Suppose f*y = -2*y 